{"id":238,"date":"2022-02-05T14:48:50","date_gmt":"2022-02-05T14:48:50","guid":{"rendered":"https:\/\/www.stendervision.dk\/?page_id=238"},"modified":"2022-04-04T12:21:19","modified_gmt":"2022-04-04T12:21:19","slug":"raadgivning","status":"publish","type":"page","link":"https:\/\/www.stendervision.dk\/index.php\/raadgivning\/","title":{"rendered":"R\u00e5dgivning"},"content":{"rendered":"\n<p>R\u00e5dgivning til plejefamilier<\/p>\n\n\n\n<p>Jeg er familieplejer. Jeg elsker mit arbejde og har l\u00e6rt at finde ro i det.  <\/p>\n\n\n\n<p>Det er ikke en selvf\u00f8lgelighed og det tog mig \u00e5r at l\u00e6re. Nogen ting afh\u00e6nger af de mennesker vi f\u00e5r omkring os men de fleste ting er vi selv herre over. <\/p>\n\n\n\n<p class=\"has-luminous-vivid-amber-background-color has-background\">Stendervision tilbyder<\/p>\n\n\n\n<p>                    <\/p>\n\n\n\n<ul class=\"has-luminous-vivid-amber-background-color has-background\"><li>Vi vil gerne v\u00e6re plejefamilie. Hvad skal vi overveje.<\/li><li>R\u00e5dgivning\/sparring ved ny anbringelser.<\/li><li>Trivsel i hverdagen.<\/li><li>For\u00e6ldresamarbejde<\/li><li>Det kommunale samarbejde<\/li><li>Opstart af samarbejdsgrupper<\/li><\/ul>\n\n\n\n<figure class=\"is-layout-flex wp-block-gallery-1 wp-block-gallery has-nested-images columns-default is-cropped\">\n<figure class=\"wp-block-image size-large\"><img decoding=\"async\" loading=\"lazy\" width=\"393\" height=\"651\" data-id=\"275\"  src=\"https:\/\/www.stendervision.dk\/wp-content\/uploads\/2022\/02\/billed-nanna-og-drenge.jpg\" alt=\"\" class=\"wp-image-275\" srcset=\"https:\/\/www.stendervision.dk\/wp-content\/uploads\/2022\/02\/billed-nanna-og-drenge.jpg 393w, https:\/\/www.stendervision.dk\/wp-content\/uploads\/2022\/02\/billed-nanna-og-drenge-181x300.jpg 181w\" sizes=\"(max-width: 393px) 100vw, 393px\" \/><\/figure>\n\n\n\n<figure class=\"wp-block-image size-large\"><img decoding=\"async\" loading=\"lazy\" width=\"1050\" height=\"600\" data-id=\"193\"  src=\"https:\/\/www.stendervision.dk\/wp-content\/uploads\/2022\/01\/Mor-Logo-Faerdig12459.jpg\" alt=\"\" class=\"wp-image-193\" srcset=\"https:\/\/www.stendervision.dk\/wp-content\/uploads\/2022\/01\/Mor-Logo-Faerdig12459.jpg 1050w, https:\/\/www.stendervision.dk\/wp-content\/uploads\/2022\/01\/Mor-Logo-Faerdig12459-300x171.jpg 300w, https:\/\/www.stendervision.dk\/wp-content\/uploads\/2022\/01\/Mor-Logo-Faerdig12459-1024x585.jpg 1024w, https:\/\/www.stendervision.dk\/wp-content\/uploads\/2022\/01\/Mor-Logo-Faerdig12459-768x439.jpg 768w\" sizes=\"(max-width: 1050px) 100vw, 1050px\" \/><\/figure>\n\n\n\n<figure class=\"wp-block-image size-large\"><img decoding=\"async\" loading=\"lazy\" width=\"827\" height=\"625\" data-id=\"277\"  src=\"https:\/\/www.stendervision.dk\/wp-content\/uploads\/2022\/02\/billed-solopgang.jpg\" alt=\"\" class=\"wp-image-277\" srcset=\"https:\/\/www.stendervision.dk\/wp-content\/uploads\/2022\/02\/billed-solopgang.jpg 827w, https:\/\/www.stendervision.dk\/wp-content\/uploads\/2022\/02\/billed-solopgang-300x227.jpg 300w, https:\/\/www.stendervision.dk\/wp-content\/uploads\/2022\/02\/billed-solopgang-768x580.jpg 768w\" sizes=\"(max-width: 827px) 100vw, 827px\" \/><\/figure>\n<\/figure>\n","protected":false},"excerpt":{"rendered":"<p>R\u00e5dgivning til plejefamilier Jeg er familieplejer. Jeg elsker mit arbejde og har l\u00e6rt at finde ro i det. Det er ikke en selvf\u00f8lgelighed og det tog mig \u00e5r at l\u00e6re. Nogen ting afh\u00e6nger af de mennesker vi f\u00e5r omkring os men de fleste ting er vi selv herre over. Stendervision tilbyder Vi vil gerne v\u00e6re &hellip; <\/p>\n<p class=\"link-more\"><a href=\"https:\/\/www.stendervision.dk\/index.php\/raadgivning\/\" class=\"more-link\">L\u00e6s mere<span class=\"screen-reader-text\"> \u201cR\u00e5dgivning\u201d<\/span><\/a><\/p>\n","protected":false},"author":1,"featured_media":0,"parent":0,"menu_order":0,"comment_status":"closed","ping_status":"closed","template":"","meta":[],"_links":{"self":[{"href":"https:\/\/www.stendervision.dk\/index.php\/wp-json\/wp\/v2\/pages\/238"}],"collection":[{"href":"https:\/\/www.stendervision.dk\/index.php\/wp-json\/wp\/v2\/pages"}],"about":[{"href":"https:\/\/www.stendervision.dk\/index.php\/wp-json\/wp\/v2\/types\/page"}],"author":[{"embeddable":true,"href":"https:\/\/www.stendervision.dk\/index.php\/wp-json\/wp\/v2\/users\/1"}],"replies":[{"embeddable":true,"href":"https:\/\/www.stendervision.dk\/index.php\/wp-json\/wp\/v2\/comments?post=238"}],"version-history":[{"count":6,"href":"https:\/\/www.stendervision.dk\/index.php\/wp-json\/wp\/v2\/pages\/238\/revisions"}],"predecessor-version":[{"id":309,"href":"https:\/\/www.stendervision.dk\/index.php\/wp-json\/wp\/v2\/pages\/238\/revisions\/309"}],"wp:attachment":[{"href":"https:\/\/www.stendervision.dk\/index.php\/wp-json\/wp\/v2\/media?parent=238"}],"curies":[{"name":"wp","href":"https:\/\/api.w.org\/{rel}","templated":true}]}}